{"id":12,"date":"2025-02-25T14:52:25","date_gmt":"2025-02-25T14:52:25","guid":{"rendered":"https:\/\/tsie.utn.edu.ec\/2025\/?page_id=12"},"modified":"2025-03-20T10:08:42","modified_gmt":"2025-03-20T15:08:42","slug":"ejes-tematicos","status":"publish","type":"page","link":"https:\/\/tsie.utn.edu.ec\/2025\/ejes-tematicos\/","title":{"rendered":"EJES TEM\u00c1TICOS"},"content":{"rendered":"\n<figure class=\"wp-block-image size-large\"><img loading=\"lazy\" decoding=\"async\" width=\"1024\" height=\"383\" src=\"https:\/\/tsie.utn.edu.ec\/2025\/wp-content\/uploads\/2025\/03\/portada-3-1-1024x383.png\" alt=\"\" class=\"wp-image-910\" srcset=\"https:\/\/tsie.utn.edu.ec\/2025\/wp-content\/uploads\/2025\/03\/portada-3-1-1024x383.png 1024w, https:\/\/tsie.utn.edu.ec\/2025\/wp-content\/uploads\/2025\/03\/portada-3-1-300x112.png 300w, https:\/\/tsie.utn.edu.ec\/2025\/wp-content\/uploads\/2025\/03\/portada-3-1-768x287.png 768w, https:\/\/tsie.utn.edu.ec\/2025\/wp-content\/uploads\/2025\/03\/portada-3-1.png 1073w\" sizes=\"auto, (max-width: 1024px) 100vw, 1024px\" \/><\/figure>\n\n\n<p class=\"has-text-align-justify\">Unidos por el deseo de reflexionar, debatir y generar una comunidad de estudiantes, docentes, investigadores y profesionales de m\u00faltiples disciplinas y niveles educativos se establecen los siguientes ejes tem\u00e1ticos y l\u00edneas de investigaci\u00f3n bajo el enfoque del Objetivo de Desarrollo Sostenible (ODS) 4: \u00abEducaci\u00f3n de Calidad\u00bb:<\/p>\n\n\n<p class=\"has-white-color has-virtue-primary-background-color has-text-color has-background has-link-color has-medium-font-size wp-elements-6b47fe14ed07d9b653e1bc52f1f8ce81\"><strong>01. Tecnolog\u00eda e innovaci\u00f3n educativa<\/strong><\/p>\n\n\n\n<div class=\"wp-block-columns is-layout-flex wp-container-core-columns-is-layout-9d6595d7 wp-block-columns-is-layout-flex\">\n<div class=\"wp-block-column is-vertically-aligned-center is-layout-flow wp-block-column-is-layout-flow\" style=\"flex-basis:33.33%\"><div class=\"wp-block-image\">\n<figure class=\"aligncenter size-full\"><img loading=\"lazy\" decoding=\"async\" width=\"131\" height=\"139\" src=\"https:\/\/tsie.utn.edu.ec\/2025\/wp-content\/uploads\/2025\/03\/1-100-3-1.jpg\" alt=\"\" class=\"wp-image-538\"\/><\/figure>\n<\/div><\/div>\n\n\n\n<div class=\"wp-block-column is-layout-flow wp-block-column-is-layout-flow\" style=\"flex-basis:66.66%\">\n<figure class=\"wp-block-table\"><table class=\"has-black-color has-text-color has-link-color has-fixed-layout\"><tbody><tr><td>Dise\u00f1o y desarrollo de recursos educativos digitales innovadoras.<\/td><\/tr><tr><td>Integraci\u00f3n de tecnolog\u00edas emergentes en entornos de aprendizaje.<\/td><\/tr><tr><td>Anal\u00edtica de aprendizaje y miner\u00eda de datos educativos.<\/td><\/tr><\/tbody><\/table><\/figure>\n<\/div>\n<\/div>\n\n\n\n<p class=\"has-white-color has-virtue-primary-background-color has-text-color has-background has-link-color has-medium-font-size wp-elements-0c01f4b12ecec81695570536448f8241\"><strong>02. Educomunicaci\u00f3n, comunicaci\u00f3n y sociedad digital<\/strong><\/p>\n\n\n\n<div class=\"wp-block-columns is-layout-flex wp-container-core-columns-is-layout-9d6595d7 wp-block-columns-is-layout-flex\">\n<div class=\"wp-block-column is-vertically-aligned-center is-layout-flow wp-block-column-is-layout-flow\" style=\"flex-basis:33.33%\"><div class=\"wp-block-image\">\n<figure class=\"aligncenter size-full\"><img loading=\"lazy\" decoding=\"async\" width=\"131\" height=\"139\" src=\"https:\/\/tsie.utn.edu.ec\/2025\/wp-content\/uploads\/2025\/03\/2-100-3-1.jpg\" alt=\"\" class=\"wp-image-539\"\/><\/figure>\n<\/div><\/div>\n\n\n\n<div class=\"wp-block-column is-layout-flow wp-block-column-is-layout-flow\" style=\"flex-basis:66.66%\">\n<figure class=\"wp-block-table\"><table class=\"has-fixed-layout\"><tbody><tr><td>Alfabetizaci\u00f3n medi\u00e1tica y competencias digitales.<\/td><\/tr><tr><td>Impacto de las redes sociales en la educaci\u00f3n.<\/td><\/tr><tr><td>Narrativas transmedia y storytelling en educaci\u00f3n.<\/td><\/tr><\/tbody><\/table><\/figure>\n<\/div>\n<\/div>\n\n\n\n<p class=\"has-white-color has-virtue-primary-background-color has-text-color has-background has-link-color has-medium-font-size wp-elements-1eba1a34ea3661a0f041be998cb9c379\"><strong>03. Educaci\u00f3n, Neurociencia y Psicolog\u00eda<\/strong><\/p>\n\n\n\n<div class=\"wp-block-columns is-layout-flex wp-container-core-columns-is-layout-9d6595d7 wp-block-columns-is-layout-flex\">\n<div class=\"wp-block-column is-vertically-aligned-center is-layout-flow wp-block-column-is-layout-flow\" style=\"flex-basis:33.33%\"><div class=\"wp-block-image\">\n<figure class=\"aligncenter size-full\"><img loading=\"lazy\" decoding=\"async\" width=\"131\" height=\"139\" src=\"https:\/\/tsie.utn.edu.ec\/2025\/wp-content\/uploads\/2025\/03\/3-100-1.jpg\" alt=\"\" class=\"wp-image-540\"\/><\/figure>\n<\/div><\/div>\n\n\n\n<div class=\"wp-block-column is-layout-flow wp-block-column-is-layout-flow\" style=\"flex-basis:66.66%\">\n<figure class=\"wp-block-table\"><table class=\"has-fixed-layout\"><tbody><tr><td>Neuroeducaci\u00f3n y procesos cognitivos en el aprendizaje.<\/td><\/tr><tr><td>Educaci\u00f3n inclusiva: estilos de aprendizaje y estrategias de ense\u00f1anza personalizadas.<\/td><\/tr><tr><td>Motivaci\u00f3n y engagement en entornos educativos.<\/td><\/tr><\/tbody><\/table><\/figure>\n<\/div>\n<\/div>\n\n\n\n<p class=\"has-white-color has-virtue-primary-background-color has-text-color has-background has-link-color has-medium-font-size wp-elements-33ba507f5878ba400261a4e0b07afb5f\"><strong>04. Educaci\u00f3n, Dise\u00f1o, Arte y Patrimonio<\/strong><\/p>\n\n\n\n<div class=\"wp-block-columns is-layout-flex wp-container-core-columns-is-layout-9d6595d7 wp-block-columns-is-layout-flex\">\n<div class=\"wp-block-column is-vertically-aligned-center is-layout-flow wp-block-column-is-layout-flow\" style=\"flex-basis:33.33%\"><div class=\"wp-block-image\">\n<figure class=\"aligncenter size-full\"><img loading=\"lazy\" decoding=\"async\" width=\"131\" height=\"139\" src=\"https:\/\/tsie.utn.edu.ec\/2025\/wp-content\/uploads\/2025\/03\/6-100.jpg\" alt=\"\" class=\"wp-image-541\"\/><\/figure>\n<\/div><\/div>\n\n\n\n<div class=\"wp-block-column is-layout-flow wp-block-column-is-layout-flow\" style=\"flex-basis:66.66%\">\n<figure class=\"wp-block-table\"><table class=\"has-fixed-layout\"><tbody><tr><td>Educaci\u00f3n art\u00edstica y desarrollo de habilidades creativas.<\/td><\/tr><tr><td>Museos y espacios interculturales como entornos de aprendizaje.<\/td><\/tr><tr><td>Dise\u00f1o, Publicidad, Narrativas Visuales y Cultura.<\/td><\/tr><\/tbody><\/table><\/figure>\n<\/div>\n<\/div>\n\n\n\n<p class=\"has-white-color has-virtue-primary-background-color has-text-color has-background has-link-color has-medium-font-size wp-elements-357e5138ff413b6526172eeb1584d41e\"><strong>05. Educaci\u00f3n, Actividad F\u00edsica y Deportes<\/strong><\/p>\n\n\n\n<div class=\"wp-block-columns is-layout-flex wp-container-core-columns-is-layout-9d6595d7 wp-block-columns-is-layout-flex\">\n<div class=\"wp-block-column is-vertically-aligned-center is-layout-flow wp-block-column-is-layout-flow\" style=\"flex-basis:33.33%\"><div class=\"wp-block-image\">\n<figure class=\"aligncenter size-full\"><img loading=\"lazy\" decoding=\"async\" width=\"131\" height=\"139\" src=\"https:\/\/tsie.utn.edu.ec\/2025\/wp-content\/uploads\/2025\/03\/4-100.jpg\" alt=\"\" class=\"wp-image-543\"\/><\/figure>\n<\/div><\/div>\n\n\n\n<div class=\"wp-block-column is-layout-flow wp-block-column-is-layout-flow\" style=\"flex-basis:66.66%\">\n<figure class=\"wp-block-table\"><table class=\"has-fixed-layout\"><tbody><tr><td>Beneficios cognitivos y psicol\u00f3gicos de la actividad f\u00edsica.<\/td><\/tr><tr><td>Programas de educaci\u00f3n f\u00edsica y deporte en contextos escolares.<\/td><\/tr><tr><td>Entrenamiento deportivo y optimizaci\u00f3n del rendimiento.<\/td><\/tr><\/tbody><\/table><\/figure>\n<\/div>\n<\/div>\n\n\n\n<p class=\"has-white-color has-virtue-primary-background-color has-text-color has-background has-link-color has-medium-font-size wp-elements-1f1d5c96de79b087156e419cf79547a1\"><strong>6. Educaci\u00f3n, Biodiversidad y Sustentabilidad<\/strong><\/p>\n\n\n\n<div class=\"wp-block-columns is-layout-flex wp-container-core-columns-is-layout-9d6595d7 wp-block-columns-is-layout-flex\">\n<div class=\"wp-block-column is-vertically-aligned-center is-layout-flow wp-block-column-is-layout-flow\" style=\"flex-basis:33.33%\"><div class=\"wp-block-image\">\n<figure class=\"aligncenter size-full\"><img loading=\"lazy\" decoding=\"async\" width=\"131\" height=\"139\" src=\"https:\/\/tsie.utn.edu.ec\/2025\/wp-content\/uploads\/2025\/03\/5-100.jpg\" alt=\"\" class=\"wp-image-544\"\/><\/figure>\n<\/div><\/div>\n\n\n\n<div class=\"wp-block-column is-layout-flow wp-block-column-is-layout-flow\" style=\"flex-basis:66.66%\">\n<figure class=\"wp-block-table\"><table class=\"has-fixed-layout\"><tbody><tr><td>Educaci\u00f3n ambiental y conciencia ecol\u00f3gica.<\/td><\/tr><tr><td>Conservaci\u00f3n de la biodiversidad y su integraci\u00f3n curricular.<\/td><\/tr><tr><td>Econom\u00eda circular y educaci\u00f3n para la sostenibilidad.<\/td><\/tr><\/tbody><\/table><\/figure>\n<\/div>\n<\/div>\n\n\n\n<p class=\"has-white-color has-virtue-primary-background-color has-text-color has-background has-link-color has-medium-font-size wp-elements-780b06d171fbdcf775bbce160bd2d027\"><strong>7. Educaci\u00f3n e Inteligencia Artificial<\/strong><\/p>\n\n\n\n<div class=\"wp-block-columns is-layout-flex wp-container-core-columns-is-layout-9d6595d7 wp-block-columns-is-layout-flex\">\n<div class=\"wp-block-column is-vertically-aligned-center is-layout-flow wp-block-column-is-layout-flow\" style=\"flex-basis:33.33%\"><div class=\"wp-block-image\">\n<figure class=\"aligncenter size-full\"><img loading=\"lazy\" decoding=\"async\" width=\"131\" height=\"139\" src=\"https:\/\/tsie.utn.edu.ec\/2025\/wp-content\/uploads\/2025\/03\/7-100.jpg\" alt=\"\" class=\"wp-image-545\"\/><\/figure>\n<\/div><\/div>\n\n\n\n<div class=\"wp-block-column is-layout-flow wp-block-column-is-layout-flow\" style=\"flex-basis:66.66%\">\n<figure class=\"wp-block-table\"><table class=\"has-fixed-layout\"><tbody><tr><td>Aplicaciones de IA en entornos educativos.<\/td><\/tr><tr><td>Sistemas de tutor\u00eda inteligente y adaptive learning.<\/td><\/tr><tr><td>Impacto de la IA en la transformaci\u00f3n de la educaci\u00f3n.<\/td><\/tr><\/tbody><\/table><\/figure>\n<\/div>\n<\/div>\n\n\n\n<p class=\"has-white-color has-virtue-primary-background-color has-text-color has-background has-link-color has-medium-font-size wp-elements-57cd8f155880e6b32e1e6b6d09d5de00\"><strong>8. Educaci\u00f3n intercultural<\/strong><\/p>\n\n\n\n<div class=\"wp-block-columns is-layout-flex wp-container-core-columns-is-layout-9d6595d7 wp-block-columns-is-layout-flex\">\n<div class=\"wp-block-column is-vertically-aligned-center is-layout-flow wp-block-column-is-layout-flow\" style=\"flex-basis:33.33%\"><div class=\"wp-block-image\">\n<figure class=\"aligncenter size-full\"><img loading=\"lazy\" decoding=\"async\" width=\"131\" height=\"139\" src=\"https:\/\/tsie.utn.edu.ec\/2025\/wp-content\/uploads\/2025\/03\/8-100.jpg\" alt=\"\" class=\"wp-image-546\"\/><\/figure>\n<\/div><\/div>\n\n\n\n<div class=\"wp-block-column is-layout-flow wp-block-column-is-layout-flow\" style=\"flex-basis:66.66%\">\n<figure class=\"wp-block-table\"><table class=\"has-fixed-layout\"><tbody><tr><td>Desarrollo de competencias interculturales en educadores y estudiantes.<\/td><\/tr><tr><td>Implementaci\u00f3n y evaluaci\u00f3n de curr\u00edculos interculturales.<\/td><\/tr><tr><td>Competencia intercultural en entornos educativos: pol\u00edticas, estrategias, retos y efectividad.<\/td><\/tr><\/tbody><\/table><\/figure>\n<\/div>\n<\/div>\n\n\n<p style=\"text-align: center;\"><strong>Informaci\u00f3n ampliada descarga aqu\u00ed..<\/strong>\u00a0<\/p>\n<p style=\"text-align: center;\"><a href=\"https:\/\/tsie.utn.edu.ec\/2025\/wp-content\/uploads\/2025\/03\/EJES-TEMATICOS-Y-LINEAS-DE-INVESTIGACION-1.pdf\" target=\"_blank\" rel=\"noopener\"><img loading=\"lazy\" decoding=\"async\" class=\"wp-image-351 aligncenter\" src=\"https:\/\/tsie.utn.edu.ec\/2025\/wp-content\/uploads\/2025\/03\/png-PDF-1-300x300.png\" alt=\"\" width=\"64\" height=\"64\" srcset=\"https:\/\/tsie.utn.edu.ec\/2025\/wp-content\/uploads\/2025\/03\/png-PDF-1-300x300.png 300w, https:\/\/tsie.utn.edu.ec\/2025\/wp-content\/uploads\/2025\/03\/png-PDF-1-150x150.png 150w, https:\/\/tsie.utn.edu.ec\/2025\/wp-content\/uploads\/2025\/03\/png-PDF-1-768x768.png 768w, https:\/\/tsie.utn.edu.ec\/2025\/wp-content\/uploads\/2025\/03\/png-PDF-1.png 920w\" sizes=\"auto, (max-width: 64px) 100vw, 64px\" \/><\/a>\u00a0<\/p>\n\n\n<p><\/p>\n<div class=\"pvc_clear\"><\/div><p id=\"pvc_stats_12\" class=\"pvc_stats all  \" data-element-id=\"12\" style=\"\"><i class=\"pvc-stats-icon large\" aria-hidden=\"true\"><svg xmlns=\"http:\/\/www.w3.org\/2000\/svg\" version=\"1.0\" viewBox=\"0 0 502 315\" preserveAspectRatio=\"xMidYMid meet\"><g transform=\"translate(0,332) scale(0.1,-0.1)\" fill=\"\" stroke=\"none\"><path d=\"M2394 3279 l-29 -30 -3 -207 c-2 -182 0 -211 15 -242 39 -76 157 -76 196 0 15 31 17 60 15 243 l-3 209 -33 29 c-26 23 -41 29 -80 29 -41 0 -53 -5 -78 -31z\"\/><path d=\"M3085 3251 c-45 -19 -58 -50 -96 -229 -47 -217 -49 -260 -13 -295 52 -53 146 -42 177 20 16 31 87 366 87 410 0 70 -86 122 -155 94z\"\/><path d=\"M1751 3234 c-13 -9 -29 -31 -37 -50 -12 -29 -10 -49 21 -204 19 -94 39 -189 45 -210 14 -50 54 -80 110 -80 34 0 48 6 76 34 21 21 34 44 34 59 0 14 -18 113 -40 219 -37 178 -43 195 -70 221 -36 32 -101 37 -139 11z\"\/><path d=\"M1163 3073 c-36 -7 -73 -59 -73 -102 0 -56 133 -378 171 -413 34 -32 83 -37 129 -13 70 36 67 87 -16 290 -86 209 -89 214 -129 231 -35 14 -42 15 -82 7z\"\/><path d=\"M3689 3066 c-15 -9 -33 -30 -42 -48 -48 -103 -147 -355 -147 -375 0 -98 131 -148 192 -74 13 15 57 108 97 206 80 196 84 226 37 273 -30 30 -99 39 -137 18z\"\/><path d=\"M583 2784 c-38 -19 -67 -74 -58 -113 9 -42 211 -354 242 -373 16 -10 45 -18 66 -18 51 0 107 52 107 100 0 39 -1 41 -124 234 -80 126 -108 162 -133 173 -41 17 -61 16 -100 -3z\"\/><path d=\"M4250 2784 c-14 -9 -74 -91 -133 -183 -95 -150 -107 -173 -107 -213 0 -55 33 -94 87 -104 67 -13 90 8 211 198 130 202 137 225 78 284 -27 27 -42 34 -72 34 -22 0 -50 -8 -64 -16z\"\/><path d=\"M2275 2693 c-553 -48 -1095 -270 -1585 -649 -135 -104 -459 -423 -483 -476 -23 -49 -22 -139 2 -186 73 -142 361 -457 571 -626 285 -228 642 -407 990 -497 242 -63 336 -73 660 -74 310 0 370 5 595 52 535 111 1045 392 1455 803 122 121 250 273 275 326 19 41 19 137 0 174 -41 79 -309 363 -465 492 -447 370 -946 591 -1479 653 -113 14 -422 18 -536 8z m395 -428 c171 -34 330 -124 456 -258 112 -119 167 -219 211 -378 27 -96 24 -300 -5 -401 -72 -255 -236 -447 -474 -557 -132 -62 -201 -76 -368 -76 -167 0 -236 14 -368 76 -213 98 -373 271 -451 485 -162 444 86 934 547 1084 153 49 292 57 452 25z m909 -232 c222 -123 408 -262 593 -441 76 -74 138 -139 138 -144 0 -16 -233 -242 -330 -319 -155 -123 -309 -223 -461 -299 l-81 -41 32 46 c18 26 49 83 70 128 143 306 141 649 -6 957 -25 52 -61 116 -79 142 l-34 47 45 -20 c26 -10 76 -36 113 -56z m-2057 25 c-40 -58 -105 -190 -130 -263 -110 -324 -59 -707 132 -981 25 -35 42 -64 37 -64 -19 0 -241 119 -326 174 -188 122 -406 314 -532 468 l-58 71 108 103 c185 178 428 349 672 473 66 33 121 60 123 61 2 0 -10 -19 -26 -42z\"\/><path d=\"M2375 1950 c-198 -44 -350 -190 -395 -379 -18 -76 -8 -221 19 -290 114 -284 457 -406 731 -260 98 52 188 154 231 260 27 69 37 214 19 290 -38 163 -166 304 -326 360 -67 23 -215 33 -279 19z\"\/><\/g><\/svg><\/i> <img loading=\"lazy\" decoding=\"async\" width=\"16\" height=\"16\" alt=\"Loading\" src=\"https:\/\/tsie.utn.edu.ec\/2025\/wp-content\/plugins\/page-views-count\/ajax-loader-2x.gif\" border=0 \/><\/p><div class=\"pvc_clear\"><\/div>","protected":false},"excerpt":{"rendered":"<p>Unidos por el deseo de reflexionar, debatir y generar una comunidad de estudiantes, docentes, investigadores y profesionales de m\u00faltiples disciplinas y niveles educativos se establecen los siguientes ejes tem\u00e1ticos y l\u00edneas de investigaci\u00f3n bajo el enfoque del Objetivo de Desarrollo &hellip; <a href=\"https:\/\/tsie.utn.edu.ec\/2025\/ejes-tematicos\/\">Continuar<\/a><\/p>\n<div class=\"pvc_clear\"><\/div>\n<p id=\"pvc_stats_12\" class=\"pvc_stats all  \" data-element-id=\"12\" style=\"\"><i class=\"pvc-stats-icon large\" aria-hidden=\"true\"><svg xmlns=\"http:\/\/www.w3.org\/2000\/svg\" version=\"1.0\" viewBox=\"0 0 502 315\" preserveAspectRatio=\"xMidYMid meet\"><g transform=\"translate(0,332) scale(0.1,-0.1)\" fill=\"\" stroke=\"none\"><path d=\"M2394 3279 l-29 -30 -3 -207 c-2 -182 0 -211 15 -242 39 -76 157 -76 196 0 15 31 17 60 15 243 l-3 209 -33 29 c-26 23 -41 29 -80 29 -41 0 -53 -5 -78 -31z\"\/><path d=\"M3085 3251 c-45 -19 -58 -50 -96 -229 -47 -217 -49 -260 -13 -295 52 -53 146 -42 177 20 16 31 87 366 87 410 0 70 -86 122 -155 94z\"\/><path d=\"M1751 3234 c-13 -9 -29 -31 -37 -50 -12 -29 -10 -49 21 -204 19 -94 39 -189 45 -210 14 -50 54 -80 110 -80 34 0 48 6 76 34 21 21 34 44 34 59 0 14 -18 113 -40 219 -37 178 -43 195 -70 221 -36 32 -101 37 -139 11z\"\/><path d=\"M1163 3073 c-36 -7 -73 -59 -73 -102 0 -56 133 -378 171 -413 34 -32 83 -37 129 -13 70 36 67 87 -16 290 -86 209 -89 214 -129 231 -35 14 -42 15 -82 7z\"\/><path d=\"M3689 3066 c-15 -9 -33 -30 -42 -48 -48 -103 -147 -355 -147 -375 0 -98 131 -148 192 -74 13 15 57 108 97 206 80 196 84 226 37 273 -30 30 -99 39 -137 18z\"\/><path d=\"M583 2784 c-38 -19 -67 -74 -58 -113 9 -42 211 -354 242 -373 16 -10 45 -18 66 -18 51 0 107 52 107 100 0 39 -1 41 -124 234 -80 126 -108 162 -133 173 -41 17 -61 16 -100 -3z\"\/><path d=\"M4250 2784 c-14 -9 -74 -91 -133 -183 -95 -150 -107 -173 -107 -213 0 -55 33 -94 87 -104 67 -13 90 8 211 198 130 202 137 225 78 284 -27 27 -42 34 -72 34 -22 0 -50 -8 -64 -16z\"\/><path d=\"M2275 2693 c-553 -48 -1095 -270 -1585 -649 -135 -104 -459 -423 -483 -476 -23 -49 -22 -139 2 -186 73 -142 361 -457 571 -626 285 -228 642 -407 990 -497 242 -63 336 -73 660 -74 310 0 370 5 595 52 535 111 1045 392 1455 803 122 121 250 273 275 326 19 41 19 137 0 174 -41 79 -309 363 -465 492 -447 370 -946 591 -1479 653 -113 14 -422 18 -536 8z m395 -428 c171 -34 330 -124 456 -258 112 -119 167 -219 211 -378 27 -96 24 -300 -5 -401 -72 -255 -236 -447 -474 -557 -132 -62 -201 -76 -368 -76 -167 0 -236 14 -368 76 -213 98 -373 271 -451 485 -162 444 86 934 547 1084 153 49 292 57 452 25z m909 -232 c222 -123 408 -262 593 -441 76 -74 138 -139 138 -144 0 -16 -233 -242 -330 -319 -155 -123 -309 -223 -461 -299 l-81 -41 32 46 c18 26 49 83 70 128 143 306 141 649 -6 957 -25 52 -61 116 -79 142 l-34 47 45 -20 c26 -10 76 -36 113 -56z m-2057 25 c-40 -58 -105 -190 -130 -263 -110 -324 -59 -707 132 -981 25 -35 42 -64 37 -64 -19 0 -241 119 -326 174 -188 122 -406 314 -532 468 l-58 71 108 103 c185 178 428 349 672 473 66 33 121 60 123 61 2 0 -10 -19 -26 -42z\"\/><path d=\"M2375 1950 c-198 -44 -350 -190 -395 -379 -18 -76 -8 -221 19 -290 114 -284 457 -406 731 -260 98 52 188 154 231 260 27 69 37 214 19 290 -38 163 -166 304 -326 360 -67 23 -215 33 -279 19z\"\/><\/g><\/svg><\/i> <img loading=\"lazy\" decoding=\"async\" width=\"16\" height=\"16\" alt=\"Loading\" src=\"https:\/\/tsie.utn.edu.ec\/2025\/wp-content\/plugins\/page-views-count\/ajax-loader-2x.gif\" border=0 \/><\/p>\n<div class=\"pvc_clear\"><\/div>\n","protected":false},"author":2,"featured_media":0,"parent":0,"menu_order":0,"comment_status":"closed","ping_status":"closed","template":"","meta":{"footnotes":""},"class_list":["post-12","page","type-page","status-publish","hentry"],"_links":{"self":[{"href":"https:\/\/tsie.utn.edu.ec\/2025\/wp-json\/wp\/v2\/pages\/12","targetHints":{"allow":["GET"]}}],"collection":[{"href":"https:\/\/tsie.utn.edu.ec\/2025\/wp-json\/wp\/v2\/pages"}],"about":[{"href":"https:\/\/tsie.utn.edu.ec\/2025\/wp-json\/wp\/v2\/types\/page"}],"author":[{"embeddable":true,"href":"https:\/\/tsie.utn.edu.ec\/2025\/wp-json\/wp\/v2\/users\/2"}],"replies":[{"embeddable":true,"href":"https:\/\/tsie.utn.edu.ec\/2025\/wp-json\/wp\/v2\/comments?post=12"}],"version-history":[{"count":21,"href":"https:\/\/tsie.utn.edu.ec\/2025\/wp-json\/wp\/v2\/pages\/12\/revisions"}],"predecessor-version":[{"id":911,"href":"https:\/\/tsie.utn.edu.ec\/2025\/wp-json\/wp\/v2\/pages\/12\/revisions\/911"}],"wp:attachment":[{"href":"https:\/\/tsie.utn.edu.ec\/2025\/wp-json\/wp\/v2\/media?parent=12"}],"curies":[{"name":"wp","href":"https:\/\/api.w.org\/{rel}","templated":true}]}}